{"id":44,"date":"2019-07-27T14:10:02","date_gmt":"2019-07-27T12:10:02","guid":{"rendered":"http:\/\/coursdessinstrasbourg.com\/?page_id=44"},"modified":"2025-11-10T15:47:40","modified_gmt":"2025-11-10T14:47:40","slug":"paul-macoin-professeur-dessin-et-peinture-strasbourg","status":"publish","type":"page","link":"https:\/\/coursdessinstrasbourg.com\/index.php\/paul-macoin-professeur-dessin-et-peinture-strasbourg\/","title":{"rendered":"Qui suis-je ?"},"content":{"rendered":"\n<div class=\"wp-block-columns has-2-columns is-layout-flex wp-container-core-columns-is-layout-9d6595d7 wp-block-columns-is-layout-flex\">\n<div class=\"wp-block-column is-layout-flow wp-block-column-is-layout-flow\">\n<figure class=\"wp-block-image size-large\"><img loading=\"lazy\" decoding=\"async\" width=\"1024\" height=\"768\" src=\"https:\/\/coursdessinstrasbourg.com\/wp-content\/uploads\/2024\/10\/IMG_20180603_134235-1024x768.jpg\" alt=\"\" class=\"wp-image-212\" srcset=\"https:\/\/coursdessinstrasbourg.com\/wp-content\/uploads\/2024\/10\/IMG_20180603_134235-1024x768.jpg 1024w, https:\/\/coursdessinstrasbourg.com\/wp-content\/uploads\/2024\/10\/IMG_20180603_134235-300x225.jpg 300w, https:\/\/coursdessinstrasbourg.com\/wp-content\/uploads\/2024\/10\/IMG_20180603_134235-768x576.jpg 768w, https:\/\/coursdessinstrasbourg.com\/wp-content\/uploads\/2024\/10\/IMG_20180603_134235-360x270.jpg 360w, https:\/\/coursdessinstrasbourg.com\/wp-content\/uploads\/2024\/10\/IMG_20180603_134235.jpg 1472w\" sizes=\"auto, (max-width: 1024px) 100vw, 1024px\" \/><\/figure>\n<\/div>\n\n\n\n<div class=\"wp-block-column is-layout-flow wp-block-column-is-layout-flow\">\n<p>Je m\u2019appelle Paul Macoin, et je suis professeur particulier de dessin et de peinture \u00e0 Strasbourg. <\/p>\n\n\n\n<p>La passion du dessin et des activit\u00e9s artistiques m&rsquo;a pris d\u00e8s mon plus jeune \u00e2ge. Depuis, cette passion ne m&rsquo;a jamais quitt\u00e9e! <\/p>\n<\/div>\n<\/div>\n\n\n\n<h4 class=\"wp-block-heading\">Mon parcours<\/h4>\n\n\n\n<p>Apr\u00e8s le bac, j&rsquo;ai effectu\u00e9 une mise \u00e0 niveau en arts appliqu\u00e9e (M\u00e0NAA). Ce fut une ann\u00e9e dense, essentiellement concentr\u00e9e sur le travail pratique et la d\u00e9couverte des techniques utilis\u00e9es dans le design. <\/p>\n\n\n\n<p>En 2014, j&rsquo;ai int\u00e9gr\u00e9 un BTS design d&rsquo;espace. A partir de cette ann\u00e9e l\u00e0, j&rsquo;ai pris la r\u00e9solution de me consacrer davantage \u00e0 l&rsquo;art sur mon temps libre. J&rsquo;ai suivi des cours de modelage et de c\u00e9ramique, et je me suis lanc\u00e9 dans les peintures de grands formats. Mon travail a plu, et j&rsquo;ai re\u00e7u ma premi\u00e8re commande: une peinture murale dans un immeuble r\u00e9sidentiel.  <\/p>\n\n\n\n<p>En 2016, j&rsquo;ai \u00e9t\u00e9 admis \u00e0 l\u2019\u00c9cole Nationale Sup\u00e9rieur d&rsquo;Architecture de Strasbourg (ENSAS). J&rsquo;y ai acquis de solides comp\u00e9tences en dessin et en dessin technique. Mais \u00e0 la suite de mes \u00e9tudes, j&rsquo;\u00e9tais d\u00e9sireux d&rsquo;explorer de nouvelles voies, davantage tourn\u00e9es vers les arts plastiques. <\/p>\n\n\n\n<p>J&rsquo;ai d\u00e9cid\u00e9 de prendre une ann\u00e9e sabbatique pour me consacrer \u00e0 mes passions. Gr\u00e2ce aux cours de l&rsquo;Universit\u00e9 Populaire Europ\u00e9enne, j&rsquo;ai pu \u00e9tudier de nombreuses mati\u00e8res tout en rencontrant des personnes passionn\u00e9es et des artistes locaux. J&rsquo;ai approfondi mes connaissances en peinture acrylique et en peinture \u00e0 l&rsquo;huile en pratiquant \u00e9norm\u00e9ment. <\/p>\n\n\n\n<p>Depuis, j&rsquo;ai \u00e0 c\u0153ur de transmettre \u00e0 mon tour le savoir que j&rsquo;ai acquis. C&rsquo;est pourquoi j&rsquo;ai lanc\u00e9 mon activit\u00e9 de professeur particulier de dessin et de peinture Strasbourg en 2019, en parall\u00e8le de mon activit\u00e9 de formateur en arts appliqu\u00e9s chez les compagnons du devoir.<\/p>\n\n\n\n<p>Si vous d\u00e9sirez en savoir plus sur mon travail, n&rsquo;h\u00e9sitez pas \u00e0 regarder <a href=\"http:\/\/coursdessinstrasbourg.com\/index.php\/realisations\">mes r\u00e9alisations<\/a>.<\/p>\n\n\n\n<p>Pour faire appel \u00e0 mes services, merci de m&rsquo;envoyer un message via la page <a href=\"http:\/\/coursdessinstrasbourg.com\/index.php\/contact\/\">contact<\/a><\/p>\n","protected":false},"excerpt":{"rendered":"<p>Je m\u2019appelle Paul Macoin, et je suis professeur particulier de dessin et de peinture \u00e0 Strasbourg. La passion du dessin et des activit\u00e9s artistiques m&rsquo;a pris d\u00e8s mon plus jeune \u00e2ge. Depuis, cette passion ne m&rsquo;a jamais quitt\u00e9e! Mon parcours Apr\u00e8s le bac, j&rsquo;ai effectu\u00e9 une mise \u00e0 niveau en arts appliqu\u00e9e (M\u00e0NAA). Ce fut une ann\u00e9e dense, essentiellement concentr\u00e9e sur le travail pratique et la d\u00e9couverte des techniques utilis\u00e9es dans le design. En 2014, j&rsquo;ai int\u00e9gr\u00e9 un BTS design&#8230;<\/p>\n<p class=\"read-more\"><a class=\"btn btn-default\" href=\"https:\/\/coursdessinstrasbourg.com\/index.php\/paul-macoin-professeur-dessin-et-peinture-strasbourg\/\">Lire la suite<span class=\"screen-reader-text\"> Lire la suite<\/span><\/a><\/p>\n","protected":false},"author":1,"featured_media":0,"parent":0,"menu_order":0,"comment_status":"closed","ping_status":"closed","template":"","meta":{"footnotes":""},"class_list":["post-44","page","type-page","status-publish","hentry"],"yoast_head":"<!-- This site is optimized with the Yoast SEO plugin v21.7 - https:\/\/yoast.com\/wordpress\/plugins\/seo\/ -->\n<title>Qui suis-je ? - Cours de dessin - professeur dessin peinture Strasbourg<\/title>\n<meta name=\"description\" content=\"Paul Macoin, professeur particulier de dessin et de peinture \u00e0 Strasbourg. D\u00e9couvrez mon parcours et d\u00e9veloppez vos talents artistiques!\" \/>\n<meta name=\"robots\" content=\"index, follow, max-snippet:-1, max-image-preview:large, max-video-preview:-1\" \/>\n<link rel=\"canonical\" href=\"https:\/\/coursdessinstrasbourg.com\/index.php\/paul-macoin-professeur-dessin-et-peinture-strasbourg\/\" \/>\n<meta property=\"og:locale\" content=\"fr_FR\" \/>\n<meta property=\"og:type\" content=\"article\" \/>\n<meta property=\"og:title\" content=\"Qui suis-je ? - Cours de dessin - professeur dessin peinture Strasbourg\" \/>\n<meta property=\"og:description\" content=\"Paul Macoin, professeur particulier de dessin et de peinture \u00e0 Strasbourg. D\u00e9couvrez mon parcours et d\u00e9veloppez vos talents artistiques!\" \/>\n<meta property=\"og:url\" content=\"https:\/\/coursdessinstrasbourg.com\/index.php\/paul-macoin-professeur-dessin-et-peinture-strasbourg\/\" \/>\n<meta property=\"og:site_name\" content=\"Cours de dessin\" \/>\n<meta property=\"article:modified_time\" content=\"2025-11-10T14:47:40+00:00\" \/>\n<meta property=\"og:image\" content=\"https:\/\/coursdessinstrasbourg.com\/wp-content\/uploads\/2024\/10\/IMG_20180603_134235-1024x768.jpg\" \/>\n<meta name=\"twitter:card\" content=\"summary_large_image\" \/>\n<meta name=\"twitter:label1\" content=\"Dur\u00e9e de lecture estim\u00e9e\" \/>\n\t<meta name=\"twitter:data1\" content=\"2 minutes\" \/>\n<script type=\"application\/ld+json\" class=\"yoast-schema-graph\">{\"@context\":\"https:\/\/schema.org\",\"@graph\":[{\"@type\":\"WebPage\",\"@id\":\"https:\/\/coursdessinstrasbourg.com\/index.php\/paul-macoin-professeur-dessin-et-peinture-strasbourg\/\",\"url\":\"https:\/\/coursdessinstrasbourg.com\/index.php\/paul-macoin-professeur-dessin-et-peinture-strasbourg\/\",\"name\":\"Qui suis-je ? - Cours de dessin - professeur dessin peinture Strasbourg\",\"isPartOf\":{\"@id\":\"https:\/\/coursdessinstrasbourg.com\/#website\"},\"datePublished\":\"2019-07-27T12:10:02+00:00\",\"dateModified\":\"2025-11-10T14:47:40+00:00\",\"description\":\"Paul Macoin, professeur particulier de dessin et de peinture \u00e0 Strasbourg. D\u00e9couvrez mon parcours et d\u00e9veloppez vos talents artistiques!\",\"breadcrumb\":{\"@id\":\"https:\/\/coursdessinstrasbourg.com\/index.php\/paul-macoin-professeur-dessin-et-peinture-strasbourg\/#breadcrumb\"},\"inLanguage\":\"fr-FR\",\"potentialAction\":[{\"@type\":\"ReadAction\",\"target\":[\"https:\/\/coursdessinstrasbourg.com\/index.php\/paul-macoin-professeur-dessin-et-peinture-strasbourg\/\"]}]},{\"@type\":\"BreadcrumbList\",\"@id\":\"https:\/\/coursdessinstrasbourg.com\/index.php\/paul-macoin-professeur-dessin-et-peinture-strasbourg\/#breadcrumb\",\"itemListElement\":[{\"@type\":\"ListItem\",\"position\":1,\"name\":\"Accueil\",\"item\":\"https:\/\/coursdessinstrasbourg.com\/\"},{\"@type\":\"ListItem\",\"position\":2,\"name\":\"Qui suis-je ?\"}]},{\"@type\":\"WebSite\",\"@id\":\"https:\/\/coursdessinstrasbourg.com\/#website\",\"url\":\"https:\/\/coursdessinstrasbourg.com\/\",\"name\":\"Cours de dessin\",\"description\":\"D\u00e9veloppez vos techniques et votre cr\u00e9ativit\u00e9\",\"potentialAction\":[{\"@type\":\"SearchAction\",\"target\":{\"@type\":\"EntryPoint\",\"urlTemplate\":\"https:\/\/coursdessinstrasbourg.com\/?s={search_term_string}\"},\"query-input\":\"required name=search_term_string\"}],\"inLanguage\":\"fr-FR\"}]}<\/script>\n<!-- \/ Yoast SEO plugin. -->","yoast_head_json":{"title":"Qui suis-je ? - Cours de dessin - professeur dessin peinture Strasbourg","description":"Paul Macoin, professeur particulier de dessin et de peinture \u00e0 Strasbourg. D\u00e9couvrez mon parcours et d\u00e9veloppez vos talents artistiques!","robots":{"index":"index","follow":"follow","max-snippet":"max-snippet:-1","max-image-preview":"max-image-preview:large","max-video-preview":"max-video-preview:-1"},"canonical":"https:\/\/coursdessinstrasbourg.com\/index.php\/paul-macoin-professeur-dessin-et-peinture-strasbourg\/","og_locale":"fr_FR","og_type":"article","og_title":"Qui suis-je ? - Cours de dessin - professeur dessin peinture Strasbourg","og_description":"Paul Macoin, professeur particulier de dessin et de peinture \u00e0 Strasbourg. D\u00e9couvrez mon parcours et d\u00e9veloppez vos talents artistiques!","og_url":"https:\/\/coursdessinstrasbourg.com\/index.php\/paul-macoin-professeur-dessin-et-peinture-strasbourg\/","og_site_name":"Cours de dessin","article_modified_time":"2025-11-10T14:47:40+00:00","og_image":[{"url":"https:\/\/coursdessinstrasbourg.com\/wp-content\/uploads\/2024\/10\/IMG_20180603_134235-1024x768.jpg"}],"twitter_card":"summary_large_image","twitter_misc":{"Dur\u00e9e de lecture estim\u00e9e":"2 minutes"},"schema":{"@context":"https:\/\/schema.org","@graph":[{"@type":"WebPage","@id":"https:\/\/coursdessinstrasbourg.com\/index.php\/paul-macoin-professeur-dessin-et-peinture-strasbourg\/","url":"https:\/\/coursdessinstrasbourg.com\/index.php\/paul-macoin-professeur-dessin-et-peinture-strasbourg\/","name":"Qui suis-je ? - Cours de dessin - professeur dessin peinture Strasbourg","isPartOf":{"@id":"https:\/\/coursdessinstrasbourg.com\/#website"},"datePublished":"2019-07-27T12:10:02+00:00","dateModified":"2025-11-10T14:47:40+00:00","description":"Paul Macoin, professeur particulier de dessin et de peinture \u00e0 Strasbourg. D\u00e9couvrez mon parcours et d\u00e9veloppez vos talents artistiques!","breadcrumb":{"@id":"https:\/\/coursdessinstrasbourg.com\/index.php\/paul-macoin-professeur-dessin-et-peinture-strasbourg\/#breadcrumb"},"inLanguage":"fr-FR","potentialAction":[{"@type":"ReadAction","target":["https:\/\/coursdessinstrasbourg.com\/index.php\/paul-macoin-professeur-dessin-et-peinture-strasbourg\/"]}]},{"@type":"BreadcrumbList","@id":"https:\/\/coursdessinstrasbourg.com\/index.php\/paul-macoin-professeur-dessin-et-peinture-strasbourg\/#breadcrumb","itemListElement":[{"@type":"ListItem","position":1,"name":"Accueil","item":"https:\/\/coursdessinstrasbourg.com\/"},{"@type":"ListItem","position":2,"name":"Qui suis-je ?"}]},{"@type":"WebSite","@id":"https:\/\/coursdessinstrasbourg.com\/#website","url":"https:\/\/coursdessinstrasbourg.com\/","name":"Cours de dessin","description":"D\u00e9veloppez vos techniques et votre cr\u00e9ativit\u00e9","potentialAction":[{"@type":"SearchAction","target":{"@type":"EntryPoint","urlTemplate":"https:\/\/coursdessinstrasbourg.com\/?s={search_term_string}"},"query-input":"required name=search_term_string"}],"inLanguage":"fr-FR"}]}},"_links":{"self":[{"href":"https:\/\/coursdessinstrasbourg.com\/index.php\/wp-json\/wp\/v2\/pages\/44","targetHints":{"allow":["GET"]}}],"collection":[{"href":"https:\/\/coursdessinstrasbourg.com\/index.php\/wp-json\/wp\/v2\/pages"}],"about":[{"href":"https:\/\/coursdessinstrasbourg.com\/index.php\/wp-json\/wp\/v2\/types\/page"}],"author":[{"embeddable":true,"href":"https:\/\/coursdessinstrasbourg.com\/index.php\/wp-json\/wp\/v2\/users\/1"}],"replies":[{"embeddable":true,"href":"https:\/\/coursdessinstrasbourg.com\/index.php\/wp-json\/wp\/v2\/comments?post=44"}],"version-history":[{"count":13,"href":"https:\/\/coursdessinstrasbourg.com\/index.php\/wp-json\/wp\/v2\/pages\/44\/revisions"}],"predecessor-version":[{"id":227,"href":"https:\/\/coursdessinstrasbourg.com\/index.php\/wp-json\/wp\/v2\/pages\/44\/revisions\/227"}],"wp:attachment":[{"href":"https:\/\/coursdessinstrasbourg.com\/index.php\/wp-json\/wp\/v2\/media?parent=44"}],"curies":[{"name":"wp","href":"https:\/\/api.w.org\/{rel}","templated":true}]}}